3*a + 114 = -4*y. Calculate the greatest common divisor of 703 and a.
19
Let r(l) = -l**3 - 3*l**2 - 4*l - 26. Let u be r(-5). Suppose 0 = -2*z - 4*w - 0*w + 4, 5*z - 25 = 5*w. What is the greatest common factor of z and u?
4
Suppose -3*s - 155 = 274. Let d = s - -494. What is the greatest common divisor of 39 and d?
39
Let b be (-3)/(-4) - ((-38433)/(-12))/(-23). Calculate the highest common divisor of b and 84.
28
Let q = -5 + 8. Let u = 0 + 1. Let d be u + 4 - (q - 1). Calculate the highest common divisor of d and 27.
3
Let w be 2 - 1/(21/6 - 4). Let r be (-3)/3*3 - -5. Calculate the highest common factor of r and w.
2
Let l(z) = -52*z - 150. Let b be l(-5). What is the highest common divisor of b and 132?
22
Suppose -5*h = -14 - 11. Suppose -h*r = -3*j - 545, 3*j - j = 10. Calculate the greatest common divisor of 28 and r.
28
Let m be 98 + (-1)/((18/(-12))/3). Calculate the greatest common factor of 550 and m.
50
Suppose 65 = 2*k - 3*l, -k - 15 = 3*l - 61. Suppose -39*g = -k*g - 12. Let f = 21 - 15. Calculate the highest common divisor of f and g.
6
Let m be (-168 - -51)/(((-3)/1)/3). Calculate the highest common factor of m and 63.
9
Let x(a) = 2*a**2 + 9*a + 4. Let u be x(-6). Let p = -3889 - -3911. What is the highest common factor of p and u?
22
Let w = 8 + -5. Suppose -w*a + 1 = -f - f, -2*f = 3*a - 5. Suppose 3*z - 37 = -f. Calculate the highest common divisor of 30 and z.
6
Let h = 11 - 10. Let m = 4 - h. Suppose 3*s - d = 16, 0 = -m*s - 5*d + d + 26. Calculate the highest common factor of 9 and s.
3
Let b be (2/(-2) - -38) + -1. Suppose 933*d - 804 = 866*d. What is the highest common divisor of b and d?
12
Suppose 227 - 197 = 30*f. Let x = -23 - -78. Let p = f + x. Calculate the highest common divisor of 8 and p.
8
Let y be ((-70)/30)/((-2)/(-6)). Let m be -1*4 - (0 - y). Let b = m - -20. What is the greatest common divisor of 99 and b?
9
Let t(p) = p**3 + 4*p**2. Let v be t(-3). Suppose 0 = -3*l, 5*b + l - 2*l = 315. Let k = b + v. Calculate the greatest common divisor of k and 9.
9
Let n(x) = -x**2 - x + 15. Suppose u + 4*u = -0*u. Let a be n(u). What is the greatest common factor of 3 and a?
3
Let i(b) = -b + 23. Let y be i(-19). Let m = y - 30. What is the greatest common factor of 48 and m?
12
Let k be 2/3 + 61/3. Suppose 4*s - k = 39. Let c = -557 + 587. Calculate the greatest common divisor of c and s.
15
Let m(h) be the second derivative of -h**5/20 + 13*h**4/12 - h**3/2 - 10*h**2 - 9*h. Let g be m(11). Calculate the highest common factor of 21 and g.
21
Let j = 1263 + -1133. What is the highest common factor of j and 78?
26
Let j be (-3 + 2/1)*-11. Calculate the greatest common divisor of 44 and j.
11
Suppose -166*h = 4*f - 171*h - 41, -4*h + 12 = 0. What is the greatest common divisor of 1106 and f?
14
Let f(b) = 133*b - 2. Let y be f(-4). Let u be y/(-15) + (-4)/(-10). Calculate the greatest common divisor of u and 9.
9
Let t be (3/(-2))/((-1)/2). Let p be (770/8 + t)*4. Let r = p - 277. Calculate the greatest common factor of 20 and r.
20
Let h(k) = -k**3 + 18*k**2 - k + 30. Let n be h(18). Calculate the highest common divisor of 3 and n.
3
Let u = 12 + -9. Suppose -18 = 3*l - 8*l + s, l - u*s = 12. Suppose 0 = d + l*d - 32. Calculate the highest common divisor of 16 and d.
8
Let a(h) = -h**3 - 8*h**2 - 26*h + 13. Let k be a(-9). What is the highest common factor of k and 8?
8
Let t be 19 + ((-1)/4 - (-91)/28). Let h = -8 + t. What is the highest common divisor of 28 and h?
14
Let x(u) = u**3 + 8*u**2 + 5*u - 7. Let c be x(-6). Let k = 23 - c. Let j be 2/3 + (-244)/k. What is the highest common factor of 3 and j?
3
Let c(m) = 4*m**2 - 5*m + 4. Let s be c(2). Suppose -s*x - 10 = -11*x. What is the highest common factor of 40 and x?
10
Suppose -5 + 9 = -2*h. Let u be (h/3)/(7/(-21)). Suppose 5*k = -3*a + 92, -u*a = 3*k - 41 - 15. What is the highest common divisor of 16 and k?
16
Suppose -10*p = -103 - 37. Let t = 17 - p. Calculate the greatest common factor of 27 and t.
3
Let z be 17 + (1 - (-6)/(-2)). Let p(b) = 11*b**2 - 15*b + 21. Let l be p(3). What is the highest common divisor of l and z?
15
Suppose 14*j - 22*j = -2032. What is the highest common divisor of 2 and j?
2
Let l be (-5)/15 - (-38)/6. Let p be 6/4*(-2)/1. Let v be 10/4 - p/l. Calculate the greatest common divisor of v and 15.
3
Suppose 749 = 2*c - 342*z + 337*z, c + 3*z - 402 = 0. Calculate the greatest common divisor of c and 72.
9
Let n(w) = -w**3 + 16*w**2 + 38*w + 5. Let t be n(18). Let y be (1 - 148/(-16))*8. What is the highest common factor of y and t?
41
Let n be ((-9)/(-4))/(3/32). Let i be 4/(-3)*(-108)/n. Suppose w - 4*v = 2*w + i, 36 = 5*w - 2*v. Calculate the greatest common divisor of 6 and w.
6
Suppose -z + 5*z - 16 = 0. Suppose z*y - 30 = 14. Let d be 9843/153 - 5/(-3). What is the highest common factor of d and y?
11
Let y(b) be the first derivative of -2*b**2 + 19*b + 14. Let f be y(4). Let c(w) = 4*w**2 + 2. Let l be c(2). What is the greatest common divisor of l and f?
3
Let a(n) = -24*n - 55. Let c be a(-3). What is the highest common divisor of c and 187?
17
Let v = -75 - -17. Let b = v - -72. What is the highest common factor of b and 70?
14
Suppose 2*k - 53 = -i + 20, k - 5*i - 64 = 0. What is the greatest common divisor of 312 and k?
39
Let r(h) = -15*h + 12. Let o be r(4). Let z = o - -52. Calculate the highest common factor of z and 20.
4
Let b be (-3)/15 - 78/(-15) - 0. Suppose -5*i = -b - 40. Calculate the greatest common factor of i and 36.
9
Suppose 0 = -2*h - 19*u + 22*u + 567, 3*h + 5*u - 822 = 0. What is the highest common factor of 93 and h?
93
Let b be ((-6710)/(-187) - 0) + (-2)/(-17). Let a(z) = 2*z + 2. Let x be a(5). Calculate the highest common divisor of b and x.
12
Let g(k) = -47*k - 405. Let a be g(-18). Calculate the highest common factor of a and 9.
9
Let d(c) = -7*c + 3. Let l be d(-17). Let z = l + -84. Let n = -14 + z. What is the greatest common divisor of n and 6?
6
Suppose -4*n = -5*h + n + 45, -n - 33 = -5*h. Let u be (-93)/(-13) - h/39. Suppose 0 = -3*t + u + 8. Calculate the highest common factor of 20 and t.
5
Suppose d - 122 + 120 = 0. Let p be (d - (-14)/(-7)) + 28/2. Suppose -5*o + 0*y = -2*y - 280, -2*y - 56 = -o. Calculate the highest common factor of p and o.
14
Suppose 0 = -4*o - 4*p + 264, -3*o = 2*p + 51 - 249. Let a(b) = 2*b**2 + 39*b - 41. Let m be a(-21). What is the greatest common divisor of m and o?
22
Let q be 125/(-10)*16/(-10). Calculate the highest common factor of 4 and q.
4
Let t(x) = -2*x**2 + 19*x + 143. Let s be t(14). Calculate the greatest common divisor of s and 323.
17
Let k(q) = -2*q**3 - 3*q**2 + q + 2. Let p be k(-2). Suppose 8*c + 184 = p*c. Let g be c/(-12) + (-3)/(-18). What is the greatest common factor of g and 12?
4
Suppose -6*q = 7*q + 624. Let p = q - -63. Calculate the highest common factor of p and 5.
5
Suppose -15 = -5*x + 60. What is the greatest common factor of x and 36?
3
Suppose 3*j - y - 268 = 0, y - 700 = -2*j - 6*j. Let a(q) = q**3 + 4*q**2 - 6*q + 3. Let w be a(-5). What is the greatest common divisor of j and w?
8
Suppose -2*a - 375 = -465. Calculate the greatest common factor of a and 5.
5
Let q(b) = b**3 + 9*b**2 + 9*b + 4. Let n be q(-7). Calculate the highest common factor of 104 and n.
13
Let u be (-1858)/(-8) - 3/12. Let n = -63 - u. Let f = n - -449. Calculate the highest common factor of 14 and f.
14
Let t = 81 - 77. Suppose t*y - 2*p = 0, -3*p + 4*p - 5 = -3*y. Calculate the highest common factor of 4 and y.
1
Let c(f) = f**2 + 2*f - 2. Let a be c(-5). Let g = -17 - -65. Suppose -17 = -5*r + g. Calculate the greatest common divisor of r and a.
13
Suppose -5*u - 20*p = -19*p, -2*p - 9 = u. Suppose y + m = 1, -m + 4 = 4*y - 5*m. What is the greatest common factor of y and u?
1
Let r = 47 + -26. Let c = 79 - r. Calculate the highest common divisor of 145 and c.
29
Let r be (-3 - -15*5) + -4. Suppose -r = -6*t - 14. What is the greatest common divisor of 1 and t?
1
Suppose x + 3*o = 16, -4*x - 4*o + o = -100. Suppose -4*k = 5*i - 1548, 0 = -4*i + i + 4*k + 916. What is the highest common factor of i and x?
28
Suppose 0 = 3*f + 3*o - o - 4140, 0 = -2*f - 3*o + 2765. What is the greatest common divisor of 26 and f?
26
Suppose -47 = 4*d - 17